4 + -1) - -10
22
What is 8 - 7 - (-4 + -7) - (-6 - 1)?
19
(12 - -10) + (9 - 14) + 1 + 3
21
What is -1 - 26 - (-33 - -40) - (11 + -20)?
-25
What is -27 + 47 - (28 + -3)?
-5
Calculate (-4 - -11) + 8 + -3 + -2 + -16.
-6
What is the value of (-8 - -26) + (15 - 18)?
15
Evaluate (9 - (-2 - -6)) + -6 + 9.
8
Evaluate 9 + 1 + -2 + 11 + -7.
12
What is (15 - 10 - 13) + -7 + 4?
-11
What is (-1 - (-2 + 1 + 4)) + 7 + -7?
-4
Calculate -4 + 10 - (0 + 1 + (-4 - -20)).
-11
Evaluate 2 - (17 + -8) - 2.
-9
Calculate -5 + -2 - (1 - (-8 - (4 + -12))).
-8
(8 - -7) + -2 + (8 - 3)
18
Evaluate 11 - (-92 - -91 - (1 + (0 - 0))).
13
Evaluate -6 + (5 - (2 + -2)) + (114 - 134).
-21
What is the value of 0 + 1 - (-2 + 12) - 2?
-11
What is -27 - -4 - (-34 - 5)?
16
What is the value of (-25 - 15) + 79 + -15?
24
-19 - (1 - (5 - -6))
-9
What is the value of -100 - -95 - (3 - ((5 - 4) + -4))?
-11
What is the value of 36 - (-5 + 0 - (-12 + 2))?
31
16 + (12 - 29) + -10
-11
Evaluate 5 + (-9 + 16 - 13) + (-2 - 1).
-4
(20 - 39 - -22) + -2
1
Evaluate -1 + 1 + -14 + -1030 + 1045.
1
Calculate -1 - (-30 + 34) - (-33 - 0).
28
7 - (-3 + 6 + 31 + -25)
-2
Calculate (0 - -1) + -6 + (66 - 65).
-4
28 + (-23 - 1) - (-1 - -7)
-2
Calculate -2 + -4 + (10 - 4) + (2 - 2).
0
Calculate 55 - 59 - ((-11 - -7) + 27).
-27
What is 12 + (-20 - ((9 + -11 - -2) + -12))?
4
Evaluate -1 + 3 - (93 + -101).
10
Evaluate 55 + (-21 - (18 + -12)).
28
Evaluate 0 - -2 - (13 + (-11 - -2)) - 7.
-9
What is 6 + -5 + -1 + -3 + -2 + -2?
-7
What is (3 - 1) + -4 - (3 + (-3 - 1))?
-1
What is 5 + -21 + 12 + (8 - 0)?
4
What is 14 + (9 - (-4 + (-2 - -8) + 0))?
21
What is 48 + -34 - (1 - 19) - 11?
21
What is 270 + -306 - (-29 - -1)?
-8
Evaluate 5 + 3 - 22 - -22.
8
Calculate (-15 - (4 + -52)) + -5 + -4.
24
What is (-1 + 18 - (151 + -138)) + 5?
9
Calculate 24 - (24 - (13 - -4)).
17
Evaluate -14 + (0 - 1) + (-4 - (6 + -12)).
-13
Calculate 8 + -1 + -11 + (4 - 5).
-5
Evaluate 23 + -17 + -8 + -14 + 1 + 1.
-14
What is 15 + -1 + (0 - 14) + 21 + 1?
22
11 + 4 + -4 + -6 + -12 - -7
0
Evaluate 4 + -1 + 0 + 0 + 1241 + -1235.
9
-158 + 142 - (1 - -1)
-18
Evaluate 0 - 30 - (1360 + -1379).
-11
What is the value of (-1 - -3) + -2 + 12 + -7 + 7?
12
What is -6 - (-3 - (-1 + -6 - -15))?
5
What is 7 + 2 + -10 + 2 + 8?
9
(-57 - -38) + (2 + 1 - (-1 - 1))
-14
Evaluate -12 + 2 + (1 - (11 - 13)).
-7
6 + (-6 - (-69 - -42))
27
What is the value of -46 + 33 + -5 + 2 - -2?
-14
Calculate -43 + 0 + 47 - (1 - 8).
11
Calculate -13 + (18 - (-25 + 22)).
8
What is the value of 14 - (7 - (18 + -38))?
-13
Evaluate 6 + -6 + -2 + 2 - -14.
14
What is 0 - (6 + -17 + 8)?
3
Evaluate 6 + (3 - 7 - 7) - (3 + -2).
-6
6 + (19 - 39) - (7 - 44)
23
Calculate (10 + 2 - (-19 + 13 + 26)) + 9.
1
Calculate 0 + -11 - (30 + -10 - 29).
-2
8 + -20 + 1 + 0
-11
Evaluate 4 + 2 + (-16 - -4) + (-10 - -4).
-12
What is -1 - 1 - (37 + -52 - -10)?
3
What is (0 - (-3 - 3)) + 23 + -29?
0
Evaluate 4 - 2 - 17 - (505 + -514).
-6
What is (-4 - (-7 - (2 - 10))) + 9?
4
Evaluate (-3 + -4 - 6) + 23 + -8.
2
(30 - (-2 + 20)) + -2 + -20
-10
What is (-6 - -3) + (-41 - -37)?
-7
What is the value of -11 + (8 - (-4 + 5) - -12)?
8
Calculate -3 + 1 + (2 - 5) - (12 + -1).
-16
Calculate -8 - (-16 + -30 + 7).
31
Calculate 5 + (-6 - (3 - 0 - -2)) + 1.
-5
2 + (-16 - -15 - (-1 - -6)) + 10
6
Evaluate 9 - (3 + (3 - 0 - 7 - -9)).
1
What is the value of (-38 - -20 - -49) + -58?
-27
What is 12 + (7 - 8) + (3 - 12)?
2
29 + 7 + 8 + -3 + -10
31
-4 + -4 + (14 - -7 - 0) + -4
9
Calculate (5 - 0) + -12 + 5 + -1 + 0.
-3
What is the value of 2 + 2 + 1 + 14?
19
What is the value of -30 + 23 + (5 - 13) + 2 + 23?
10
What is 2 + 14 - (-130 + 128)?
18
What is the value of 3 - (17 - (-21 + 18))?
-17
Evaluate 125 - 117 - (-5 - 0).
13
Evaluate -8 + 0 - (16 - 20).
-4
What is the value of 6 - (-10 + (2 - -29))?
-15
Calculate (1 + 4 + -11 - (-54 + 38)) + -11.
-1
What is 2 + -1 + 7 - (65 + (-2 - 21))?
-34
Calculate (-13 - -20) + -10 - -10.
7
What is the value of (0 - -13 - (-167 - -178)) + 9?
11
-19 + (-34 - -23) - -41
11
Calculate (-4 - 13) + 5 + 20.
8
What is -14 - -16 - (-5 + 1 + 2)?
4
What is 25 + (41 + -16 - 30)?
20
Calculate -7 + 8 + -11 + -1.
-11
What is (0 - 39) + (622 - 577)?
6
Calculate 7 + (-135 + 151 + 0 + 1 - 2).
22
-2 + -7 - ((5 - 3) + -8 - -1)
-4
Calculate -1 - 25 - 10 - -6.
-30
What is the value of (-7 - -15) + (-3 - 3)?
2
What is -4 + (-23 - ((-5 + -1 - -5) + -6))?
-20
(31 - 3) + (-15 - 31) + 30
12
What is the value of -15 - (5 + -3 - 18)?
1
Evaluate (19 + -8 - (6 - 7)) + -16.
-4
Calculate (10 + -31 - -22) + -6.
-5
What is the value of -1 - (6 - 18) - (-1 - -4) - 1?
7
What is (5 + (-9 - -3) + -1 - 7) + 23?
14
Evaluate 5 - (-1 + -2 - (102 - 126)).
-16
Calculate (-5 - ((-16 - 7) + 13)) + (1 - 9).
-3
What is 40 - (-3 + 16 + (80 - 89))?
36
-4 - -4 - (23 - 20 - -12)
-15
What is the value of -23 - (-26 + 14 - 17)?
6
Calculate (23 - 24) + -5 + (2 - (-40 + 5)).
31
Evaluate (-1 - -3) + (20 - 10) + -20 + -8.
-16
Evaluate -2 + 0 + 23 + -41 - -7.
-13
-3 - (10 + -7 - -5 - (-2 - -3))
-10
Calculate 10 - (22 + -12 - (5 - (1 - 2))).
6
What is -16 - ((10 - 31) + 11) - (-3 + -2)?
-1
1 - 11 - (448 + -430)
-28
Evaluate -33 + 17 + (-9 - (-11 + 17)).
-31
2 - -6 - (31 + -3 + (-2 - 3))
-15
What is (-23 - -1 - (-88 - -79)) + -6?
-19
What is 21 - ((-3 - -16) + 1)?
7
What is -17 - -1 - (-41 - -30)?
-5
What is the value of -11 + (10 - 17 - -11)?
-7
Calculate 16 + -28 + -20 + 21.
-11
What is (8 - (18 - 3 - 4)) + 7?
4
-29 + 18 + 5 + 3 + -8
-11
What is -24 + -11 + (13 - 8)?
-30
What is -12 + (-3 + 14 - -5) + 0 + 29?
33
What is the value of -7 + -3 + -1 - (1 - 8)?
-4
Evaluate 2 + -1 - (-28 + 35).
-6
What is the value of -16 - (1 - 20) - (2 - -3)?
-2
What is the value of 23 + (-8 - (26 - 33))?
22
Evaluate -10 + (-9 - (-15 + 5)) - -4.
-5
What is the value of 18 + -2 - 1 - (17 + 22 - 39)?
15
2 + -2 + 2 + -4 + (45 - 36)
7
What is -16 - (10 + -23) - (1 + 10)?
-14
Calculate (12 - 23) + -2 - -20.
7
Calculate -8 + ((-8 - -1) + (-3 - -4) - -3).
-11
2491 + -2499 - (25 - (0 - 1))
-34
Calculate 21 + -6 + -5 - 11.
-1
What is 7 + (-7 - (10 + -21))?
11
What is 3 + (-1 - 0) - 13 - (-167 + 165)?
-9
(10 - 1) + 15 + -13 + -24
-13
(-18 - -15) + (-2 - (0 - (-4 - -8)))
-1
Evaluate -47 + (-11 - (40 + -85)).
-13
Calculate (-1 - (0 - 5 - (-3 - 3))) + 13.
11
What is the value of (0 - (-15 + -11)) + -13?
13
Calculate -2 + 3 + -17 + -3 + 13.
-6
Calculate -8 + 3 + (-4 + 8 + -3 - -4).
0
-4 + 0 + (5 - 7) + -5
-11
Evaluate 67 + -71 + (17 + -1 - (9 - 11)).
14
Calculate 1 + -2 + -2 - (-6 + 4).
-1
-11 - (2 - -2) - (15 + -17)
-13
Evaluate -7 - ((17 - 8) + -11).
-5
Calculate (23 - 13) + -2 + 3 + 2.
13
What is the value of 11 - 3 - (-12 + (2 + 1 - -2))?
15
Evaluate (17 - 9) + (-18 - (2 - -1)).
-13
What is the value of (12 - (36 - 11)) + 26 - -9?
22
Calculate (-8 - (23 - 35)) + (-4 - 21 - 1).
-22
Calculate -7 + (12 - 12) + 10.
3
What is the value of -20 - (2 - (18 - 0))?
-4
What is 15 - 4 - (3 + -1 - 11)?
20
Calculate -1 + -1 - (276 - 270).
-8
Evaluate (-10 - -5) + (23 - (6 - -2)).
10
What is -2 + (-4 - ((-1 - -7) + (-2 - 0)))?
-10
7 - (-16 - -4 - -26)
-7
What is (2 - -10) + -4 - (-8 - (10 - 18))?
8
-23 + ((-2 - 2) + 7 - -1)
-19
Evaluate (0 - -5 - 15 - 0) + 3.
-7
What is the value of -11 + (-2 - (5 + -13))?
-5
What is the value of (19 - (13 - -4)) + -14 + -5 + 2?
-15
Evaluate (-8 - (-33 - -10 - -8)) + -5.
2
(-1 - (7 + 0)) + 1032 + -1026
-2
-4 + (-7 - -1 - -4) + 18 + 0
12
Calculate -11 - (2 + -1) - (-4 + -4).
-4
Calculate -10 - (13 - (27 - 16 - -4)).
-8
What is the value of 24 + -61 - -31 - (-2 - (-1 + 3))?
-2
Calculate 23 - 3 - (-65 - -88).
-3
-18 + -31 + 18 + (8 - -2)
-21
What is 70 + -63 + 0 + -14 + 25?
18
What is the value of -1 + (12 - 13) + (12 - (-2 - -1))?
11
What is the value of 11 - (-1 - -2 - 9)?
19
112 + -117 - (-2 - 15)
12
Evaluate -12 + (21 - (0 - 9 - (-9 - -5))).
14
What is 15 - (2 + -5 + 15)?
3
-5 - ((34 - 33) + -8 + 0)
2
What is -1 + 12 + (-30 - -15) + 11 + -17?
-10
Evaluate 26 + -44 + 24 - (-1 - -4 - 1).
4
What is -3 - (-12 + (-3 - -14))?
-2
Calculate -5 + 1 - (6 + 1 + 14 + 1).
-26
(-5 - 0 - 1) + (-59 + 5 - -22)
-38
What is the value of -16 - (-8 + (-8 - -19))?
-19
What is the value of 5 + (-5 - (-4 + -1 - (-9 - -16)))?
12
Evaluate 0 + (6 + -9 - 9) + 2.
-10
Calculate -14 - (-4 + 10 + -19) -